ppose 3*j - 159 = n. Is j composite?
False
Let f(y) = 8028*y + 355. Is f(4) prime?
True
Let r(b) = b**2 + 10*b - 9. Let c be r(-9). Let j be (4 - 57)/((-1)/c). Is (j/6)/(3/(-2)) a prime number?
False
Let x(k) = -k**3 - 9*k**2 - 9*k - 6. Let h be x(-8). Suppose -h*o + 4*j + 867 = -145, 0 = 4*o + 4*j - 2084. Suppose -o = -4*t - 0*t. Is t a prime number?
False
Let q = 144 - 87. Let a(f) = 7*f**2 + 5. Let m be a(-5). Suppose o - m - q = 0. Is o composite?
True
Is (-12)/(-21) - 60056/(-56) a prime number?
False
Let j be (-544)/(-18) - 12/54. Suppose 39 = l - j. Is l a prime number?
False
Let i(m) be the first derivative of 669*m**2/2 - 74*m - 18. Is i(13) a composite number?
False
Let k be 6/(-4)*(1 + 55/(-15)). Suppose -k*x = -3*f - 18941, -7640 = -3*x - 2*f + 6587. Is x composite?
True
Let f(h) = -14*h - 17. Let v be f(-7). Let c be (46/3)/((-1)/(-3)). Let o = c + v. Is o a prime number?
True
Let z(s) = s**3 - 8*s**2 + 7*s - 2. Let m be z(7). Let g be 32 - ((-6)/(-3))/m. Is (1 + 2)*1397/g a composite number?
False
Let j(q) = -q**3 - 8*q**2 - 20*q - 3. Let i be j(-9). Suppose 2*c - 12 = 2*v, 3*v - 4*v = 2*c - 3. Suppose i = c*s - 783. Is s prime?
True
Let c(u) = 46105*u**3 + 3*u - 3. Is c(1) a composite number?
True
Suppose -6 = 5*v - 21, -5*v = y - 29. Let k = y + 497. Is k a composite number?
True
Suppose 4*n - 17 = 3*p, n + p - 7 = 6. Suppose 2*j + 5*j - 3052 = 0. Suppose -6*v + v - j = -2*i, n = 4*v. Is i a prime number?
True
Let v(d) be the third derivative of 0 + 2/15*d**5 + 0*d + 0*d**3 + 1/8*d**4 - d**2. Is v(-2) prime?
False
Suppose -5*f + 2*q + 12 = 3*q, 8 = -f + 5*q. Suppose -4*m = -4*z - 489 + 113, 0 = m + f*z - 85. Is m prime?
False
Let q = -74 + 231. Is q prime?
True
Suppose 2950 = -7*y + 6982. Suppose -6*s + 3*s - 3*k + y = 0, 4*s = k + 778. Is s a prime number?
False
Suppose -5*i - 2 = 3*u, -3*i + u = -5*i. Suppose -i*a - 2*a = -16. Suppose 0 = -0*q + 2*q + f - 227, q = -a*f + 117. Is q prime?
True
Let j(x) = -24*x**3 + 15*x**2 - 16*x - 38. Is j(-13) a prime number?
False
Let j = 612 - 286. Suppose 0 = s - j - 262. Suppose -2*z = -5*b + s, 5*b - 375 = -4*z + 219. Is b a prime number?
False
Suppose 55*s + 11*s = 218394. Is s a prime number?
False
Let n(j) = -j**3 - 4*j**2 + 7*j + 4. Let m be n(-6). Suppose 2*u + m = 360. Is u composite?
False
Let v(d) = d**2 + 5*d - 8. Let m be v(-6). Let f be (5 - 7) + (-14)/m. Suppose f*u + z = 1773 + 1293, 3*z = 2*u - 1223. Is u a composite number?
False
Let a = 11633 + -1626. Is a a composite number?
False
Let g(v) = -4*v**3 + 13*v**2 - 2. Let l(i) = -5*i**3 + 13*i**2 - 1. Let w(y) = -4*g(y) + 3*l(y). Let r be w(13). Suppose 993 = -2*s + r*s. Is s composite?
False
Let b = 662 + 2925. Is b prime?
False
Suppose 1 = 5*b + 6, 4*v + 3*b - 37 = 0. Suppose -5*h - a = -v, -5*h + 0*a = -3*a - 30. Suppose -w - 2*p = -52, 2*p = h*w - p - 129. Is w a composite number?
True
Let h = -7889 - -18546. Is h composite?
False
Let p(o) = o**2 + 4*o - 6. Let z be p(3). Is (-8)/20 + 2691/z a prime number?
True
Suppose 9*s = -17*s + 57278. Is s composite?
False
Let h = 377 + 183. Let g = h + -292. Let x = 37 + g. Is x composite?
True
Suppose -j - 6 = -2*i, 4*i = 9*i + j - 1. Let m(x) = -5 - 2 + i - 3 - 160*x. Is m(-4) prime?
True
Let j = 101 + 62. Is j a prime number?
True
Suppose 2*s - 886 = 3042. Let y = s - 1087. Is y a prime number?
True
Let j(f) = f**2 - 8*f - 9. Let w be j(9). Suppose 4*o - 2*o - 382 = w. Is o composite?
False
Suppose 8*z = -242 - 302. Let c = z + 124. Let p = c - -31. Is p prime?
False
Let d = -35 + 37. Suppose -4*v - 2206 = -d*a, -5*a = -v - 4062 - 1480. Is a a prime number?
True
Let x(s) = -s**3 + s**2 + s + 139. Let i be x(0). Suppose -66 = -q + i. Is q composite?
True
Suppose -4*f + 3*a + 2*a = -3172, 2*a + 793 = f. Suppose f = 4*b - 3*b. Is b a composite number?
True
Suppose -4*h + 3*l = -2358, -5*l - 3 + 13 = 0. Let c = h + -398. Suppose 3*s = 4*d + 1670 - c, -966 = -2*s - 2*d. Is s a prime number?
True
Suppose 4*x + 12 = 0, 4*k + 3*x = 4 - 1. Suppose 7*i + 22 - 57 = 0. Suppose -i*w + 3*w - 4*l + 166 = 0, -w + k*l + 88 = 0. Is w composite?
True
Let o(w) = 60*w**2 - w + 25. Let u be (-70)/(-12) - (38/(-12) + 3). Is o(u) a composite number?
False
Let c = 1066 + -558. Suppose 4*o = -3*w + c - 33, 2*o = -3*w + 479. Is w composite?
True
Is ((-13894)/8)/(46/(-184)) a composite number?
False
Let n = -856 + 11169. Is n a prime number?
True
Let r = 8 - 11. Let y be ((-106)/(-1) - r) + 0. Suppose 3*k - y = 50. Is k composite?
False
Let b = 554 - 287. Suppose 5*f - 150 = 5*i, -f - i = -29 - 7. Suppose 0 = -j - 5*v + f, 55 - b = -4*j - 4*v. Is j a prime number?
False
Suppose -3*s = 4*k + 3, 3*k + 0*s = -3*s - 3. Suppose 5*o = -k*o + 20. Suppose u + 45 = o*u. Is u composite?
True
Suppose -q + 3 = -0. Is (-298)/q*9/(-6) composite?
False
Suppose 2*a = 1872 + 526. Is a prime?
False
Let i = 22 + -28. Is (1/(-3))/(-3*i/(-94554)) a prime number?
False
Suppose -6*k + 14 = k. Suppose 0 = 3*q, -k*j - 5*q + 854 + 1244 = 0. Is j prime?
True
Let m = -742 + 1719. Is m composite?
False
Let c(s) = 153*s**2 - 13*s - 43. Is c(-5) a prime number?
True
Suppose -69300 = -5*y + 28685. Is y composite?
False
Suppose 209 + 470 = f. Is f composite?
True
Let f(h) = 945*h + 47. Is f(7) a composite number?
True
Let w(i) be the second derivative of 86*i**3/3 - 11*i**2 + 7*i. Let x be w(9). Suppose -8*u + 3*u - a = -x, 0 = -5*u - 5*a + 1530. Is u a composite number?
True
Is ((-4311)/6)/(12/(-88)) a prime number?
False
Let q = -68 - -71. Suppose m = 5*t + 3783, -q*m = -4*m - 4*t + 3801. Is m a prime number?
True
Let j = 32901 + -20788. Is j a prime number?
True
Let a be 235 + 1 + (-25)/5. Let z = a - -314. Is z a prime number?
False
Suppose 683 = -4*p - 705. Let z = p - -668. Is z a prime number?
False
Let n(m) be the second derivative of m**4/2 + 2*m**3/3 - m**2/2 - 3*m. Let w(v) = -v**3 + 4*v**2 + 4*v + 12. Let g be w(5). Is n(g) a prime number?
False
Let i = 31 + -29. Let m(p) = 400*p + 9. Is m(i) composite?
False
Let k(c) = -259*c - 108. Is k(-11) composite?
False
Let t(z) = 16*z**2 - 6*z - 12. Let n be t(-6). Suppose -2*i = 2*b - 4*b - n, -b - 890 = -3*i. Is i a prime number?
False
Let l be 4785/27 + (-6)/27. Let t(z) = 47*z - 14. Let p be t(6). Let o = p - l. Is o a prime number?
False
Let t(b) = -108*b + 2. Let p(m) = -108*m + 1. Let u(n) = 3*p(n) - 4*t(n). Let i(z) = z**3 + 15*z**2 + 2*z + 33. Let a be i(-15). Is u(a) a composite number?
True
Suppose 5*b - 175 = 2*d + 3*d, 3*b = 4*d + 141. Is 2/12 + (-9606)/d composite?
True
Let p be (-3)/(-6)*(-3 - -1)*-3. Suppose -2*o = -p*r - 683, -r = -4*o - 0*r + 1351. Is o composite?
False
Let m = 642 - 87. Let k = m + -162. Is k a prime number?
False
Let q(g) = 3*g**3 + 3*g**2 + 2*g - 2. Let z(o) = -o - 7. Let s be z(-5). Let u be q(s). Is 5108/12 + (-24)/u a prime number?
False
Suppose -4*r = 2*u + 204, 4*u + 3*r = -186 - 202. Is (-3)/((-5)/15*(-6)/u) prime?
False
Suppose -5*z = 5*q - 670, -2*z - 347 = 4*q - 877. Suppose 994 + 480 = h. Suppose h = 5*m - q. Is m composite?
True
Suppose 36980 + 15933 = 7*n. Is n a prime number?
True
Is -6 - -2 - -10 - -1129 composite?
True
Let n be ((-56)/16)/((-1)/488). Suppose -4*y = -0*i - 2*i - 2254, -5*i = -3*y + n. Let p = 494 + y. Is p prime?
False
Suppose -132 = -3*j + 3*r, 0 = -0*j - j - 5*r + 32. Suppose 2*s + 5*v + 24 = v, 0 = 4*s + 5*v + j. Let c(p) = -96*p - 19. Is c(s) a prime number?
False
Let a(n) = -n**2 + 7*n + 2. Let v = 11 + -4. Let k be a(v). Suppose 0 = 4*r - k*s - 2*s - 2216, 3*s - 2237 = -4*r. Is r a prime number?
True
Let c(i) = -7*i**3 + 33*i**2 - 13*i - 34. Let d(j) = 4*j**3 - 17*j**2 + 6*j + 17. Let m(b) = 3*c(b) + 5*d(b). Is m(6) composite?
True
Let u(x) = -607*x - 2. Suppose -4*a = -2*a + 10. Let n be u(a). Is 2 + 6*n/6 a prime number?
False
Let a = 11265 + 1908. Is a a composite number?
True
Let f = 1820 + -1294. Is f a composite number?
True
Suppose 5*i + w - 35 = 0, 4*w + 55 = 5*i + w. Is (-2974)/(-4) - 4/i a prime number?
True
Suppose 3*s + 42 = o, s - 6*s - 46 = -o. Let d = o - -213. Is d prime?
False
Let m(y) = -19*y - 9. Let w(v) = 1. Let f(s) = m(s) - 4*w(s). Suppose 19 = -x - 2*p, 5*x - 2*p + 0 = -35. Is f(x) a composite number?
True
Suppose -920 = -4*i - 24. Suppose -z + i + 107 = 0. Is z composite?
False
Le